{"id":12,"date":"2014-05-09T00:57:40","date_gmt":"2014-05-08T22:57:40","guid":{"rendered":"http:\/\/thinkdo.se\/blog\/?page_id=12"},"modified":"2015-05-18T12:54:00","modified_gmt":"2015-05-18T10:54:00","slug":"om-bloggen","status":"publish","type":"page","link":"http:\/\/thinkdo.se\/blog\/?page_id=12","title":{"rendered":"OM BLOGGEN"},"content":{"rendered":"<p><strong>Hej och v\u00e4lkommen till bloggen!<\/strong><\/p>\n<p>Jag har l\u00e4nge t\u00e4nkt p\u00e5 det och under 2014 startar jag bloggen ThinkDo som en frist\u00e5ende del av ThinkDo: s verksamhet. Bloggen som \u00e4r under utveckling kommer att best\u00e5 av tre underbloggar: Valbloggen, Projektbloggen och Demokratibloggen.<\/p>\n<p>Valbloggen publiceras f\u00f6rsta g\u00e5ngen p\u00e5 Europadagen den 9 maj 2014 och kommer inledningsvis att bevaka och kommentera valupptakten inf\u00f6r EU-valet. Projektbloggen och Demokratibloggen kommer att startas parallellt under 2014 men oklart n\u00e4r. Medan Projektbloggen kommer att inneh\u00e5lla allehanda som har med projektutveckling att g\u00f6ra i teori och praktik kommer demokratibloggen att f\u00e5 ett mer varierat inneh\u00e5ll som sm\u00e5 recensioner av faktab\u00f6cker, samh\u00e4llsanalys, debattinl\u00e4gg och omv\u00e4rldsbevakning. Valbloggen \u00e4r aktuell vid nationella val och EU-val.<\/p>\n<p>I steg ett utvecklas bloggen p\u00e5 svenska men ambitionen \u00e4r att skapa en blogg med glokal utblick i Europa och V\u00e4rlden. Vid tillf\u00e4lle kommer jag att bjuda in g\u00e4stbloggare fr\u00e5n olika perspektiv och l\u00e4nder. Vill ni blogga hos ThinkDo \u00e4r ni v\u00e4lkomna att h\u00f6ra av er!<\/p>\n<p>\u00c4r nyfiken p\u00e5 vad bloggen kan tillf\u00f6ra och ser fram emot att komma ig\u00e5ng med skrivandet. Framtiden f\u00e5r visa vart bloggen tar v\u00e4gen.<\/p>\n<p>Tveka inte att kommentera mina inl\u00e4gg!<\/p>\n","protected":false},"excerpt":{"rendered":"<p>Hej och v\u00e4lkommen till bloggen! Jag har l\u00e4nge t\u00e4nkt p\u00e5 det och under 2014 startar jag bloggen ThinkDo som en frist\u00e5ende del av ThinkDo: s verksamhet. Bloggen som \u00e4r under utveckling kommer att best\u00e5 av tre underbloggar: Valbloggen, Projektbloggen och Demokratibloggen. Valbloggen publiceras f\u00f6rsta g\u00e5ngen p\u00e5 Europadagen den 9 maj 2014 och kommer inledningsvis att [&hellip;]<\/p>\n","protected":false},"author":2,"featured_media":0,"parent":0,"menu_order":0,"comment_status":"closed","ping_status":"closed","template":"","meta":{"footnotes":""},"class_list":["post-12","page","type-page","status-publish","hentry"],"_links":{"self":[{"href":"http:\/\/thinkdo.se\/blog\/index.php?rest_route=\/wp\/v2\/pages\/12","targetHints":{"allow":["GET"]}}],"collection":[{"href":"http:\/\/thinkdo.se\/blog\/index.php?rest_route=\/wp\/v2\/pages"}],"about":[{"href":"http:\/\/thinkdo.se\/blog\/index.php?rest_route=\/wp\/v2\/types\/page"}],"author":[{"embeddable":true,"href":"http:\/\/thinkdo.se\/blog\/index.php?rest_route=\/wp\/v2\/users\/2"}],"replies":[{"embeddable":true,"href":"http:\/\/thinkdo.se\/blog\/index.php?rest_route=%2Fwp%2Fv2%2Fcomments&post=12"}],"version-history":[{"count":7,"href":"http:\/\/thinkdo.se\/blog\/index.php?rest_route=\/wp\/v2\/pages\/12\/revisions"}],"predecessor-version":[{"id":271,"href":"http:\/\/thinkdo.se\/blog\/index.php?rest_route=\/wp\/v2\/pages\/12\/revisions\/271"}],"wp:attachment":[{"href":"http:\/\/thinkdo.se\/blog\/index.php?rest_route=%2Fwp%2Fv2%2Fmedia&parent=12"}],"curies":[{"name":"wp","href":"https:\/\/api.w.org\/{rel}","templated":true}]}}

<p><strong>Hej och välkommen till bloggen!</strong></p>
<p>Jag har länge tänkt på det och under 2014 startar jag bloggen ThinkDo som en fristående del av ThinkDo: s verksamhet. Bloggen som är under utveckling kommer att bestå av tre underbloggar: Valbloggen, Projektbloggen och Demokratibloggen.</p>
<p>Valbloggen publiceras första gången på Europadagen den 9 maj 2014 och kommer inledningsvis att bevaka och kommentera valupptakten inför EU-valet. Projektbloggen och Demokratibloggen kommer att startas parallellt under 2014 men oklart när. Medan Projektbloggen kommer att innehålla allehanda som har med projektutveckling att göra i teori och praktik kommer demokratibloggen att få ett mer varierat innehåll som små recensioner av faktaböcker, samhällsanalys, debattinlägg och omvärldsbevakning. Valbloggen är aktuell vid nationella val och EU-val.</p>
<p>I steg ett utvecklas bloggen på svenska men ambitionen är att skapa en blogg med glokal utblick i Europa och Världen. Vid tillfälle kommer jag att bjuda in gästbloggare från olika perspektiv och länder. Vill ni blogga hos ThinkDo är ni välkomna att höra av er!</p>
<p>Är nyfiken på vad bloggen kan tillföra och ser fram emot att komma igång med skrivandet. Framtiden får visa vart bloggen tar vägen.</p>
<p>Tveka inte att kommentera mina inlägg!</p>

<p>Hej och välkommen till bloggen! Jag har länge tänkt på det och under 2014 startar jag bloggen ThinkDo som en fristående del av ThinkDo: s verksamhet. Bloggen som är under utveckling kommer att bestå av tre underbloggar: Valbloggen, Projektbloggen och Demokratibloggen. Valbloggen publiceras första gången på Europadagen den 9 maj 2014 och kommer inledningsvis att [&hellip;]</p>
